 What is the hundreds digit of h?
4
Suppose 0*w = 2*w - 6. Suppose -u + w*u - 4 = 0. Suppose 2*x = -n + 30, u*n - 2 = n + 5*x. What is the tens digit of n?
2
Suppose -3776 = 3*q + 4*l, q + 4*l - 211 + 1475 = 0. What is the hundreds digit of q/(-10) - (-24)/(-40)?
1
Let z(c) = 6*c**2 - 5*c + 1. What is the tens digit of z(13)?
5
Let f(y) = 34*y**2 + 67*y + 11. What is the tens digit of f(6)?
3
Let v(q) = -9*q**2 + 17*q + 10*q**2 - 11 - 6 - 2*q**2. What is the tens digit of v(13)?
3
Suppose 52 = 3*o + 22. What is the units digit of 13 - o - (1 + (1 - 48))?
9
Let a = -9 - -5. Suppose 6*i = -0*i + 48. What is the units digit of 2*a/i + 2?
1
Suppose 49 + 136 = 5*c. Suppose -38 = c*w - 38*w. What is the tens digit of w?
3
Let g(v) be the first derivative of 5*v**4/4 - v**3/3 + v**2 - 3. Let p be g(1). Suppose 2*l - p*l = -40. What is the units digit of l?
0
Suppose 25*z - 174 = 3426. What is the tens digit of z?
4
Let h be ((-18)/(-4) + -2)*(-384)/(-30). Suppose -33*n = -h*n - 262. What is the hundreds digit of n?
2
Let d(a) = a - 6. Let q be d(10). Suppose 5*f - 16 = -q*x + 3*f, f - 6 = -x. Suppose x*s - 6 = 4*n - 74, 2*s = -8. What is the units digit of n?
5
Suppose 58*g - 201627 = 28227. What is the tens digit of g?
6
Suppose 41 = 3*n + 14. Let g = n + -11. Let u(l) = 2*l**2 - 3*l - 3. What is the units digit of u(g)?
1
Let h be (-56)/(-26) - (-6)/(-39). Let i(g) = 3 - 2*g + 7 + 5 + h. What is the units digit of i(7)?
3
Suppose 0 = 5*c + 11 - 26. Suppose 0 = -8*y + c*y + 10. Suppose -y*n = n - 117. What is the tens digit of n?
3
Suppose 0 = 7*j - 9 - 12. Suppose -9 = 3*h, j*h + 1082 - 113 = 5*k. What is the units digit of k?
2
Let r = 36 + -8. Let f = -7 + r. What is the tens digit of f?
2
Suppose -27 = -5*d - p, 6*p - 3 = d + 2*p. Suppose d*o - 1397 = -6*o. What is the hundreds digit of o?
1
Let f(l) = 0*l**3 + l**3 - 2*l**2 + 3*l**3 - 6*l**3 + 1. What is the units digit of f(-1)?
1
Let t = -56 - -61. Suppose 2*r + 5 + 203 = t*o, -r = 4. What is the tens digit of o?
4
Let l(x) = 4*x**3 - x**2 + 3*x - 2. Let b be l(1). Suppose -b*p + 1401 = 445. What is the units digit of p?
9
Let i = 0 - -7. Suppose i*g - 1224 = -g. What is the units digit of g?
3
Let k = -2 + 74. What is the units digit of ((-6)/(-4))/(k/9744)?
3
Let w be (-4)/18 - (-58)/18. Suppose -2*h - 16 = 2*h, w*x - 8 = 2*h. Suppose 3*n - 5*n - 5*t + 26 = x, 2*n = -t + 26. What is the units digit of n?
3
Suppose -3*a = 2*n - 1738, -13*a + 1738 = 2*n - 11*a. What is the tens digit of n?
6
Let k(n) = -2*n - 7*n + 2 + 4*n. Suppose 22*u - 3*p + 18 = 17*u, -3*u - 5*p = 38. What is the tens digit of k(u)?
3
Suppose -13*m = -49783 + 6155. What is the hundreds digit of m?
3
Suppose -21*d - 7503 = -24*d. Suppose 0*o = -5*n + 3*o + d, 4*n = -2*o + 2014. Suppose -68 + n = 7*k. What is the units digit of k?
2
Let d(i) = 32*i - 23*i - 5 + 4. Let k be d(-1). What is the units digit of (-24)/k*(-40)/(-12)?
8
Suppose 5*v = 5*t + 80, t - 4*v = 2*t + 1. Let q be (4 + -3)*(-12 - -1). Let l = q - t. What is the units digit of l?
2
Let y = -29 + 29. Let b be -2 + (-3)/(6/(-8)). Suppose -b*g + 19 + 13 = y. What is the units digit of g?
6
Let w = -23 + 44. Suppose -2*q = -171 + w. What is the tens digit of q?
7
Let o(g) = g**3 + 3*g**2 - 2*g - 2. Let c be o(-3). Suppose -5750 = 2*f + c*m - 0*m, -2*m = 5*f + 14359. What is the units digit of f/(-72) + 1/8?
0
Suppose 4*g - 3*f + 20 = 0, -3*g + 2*f - 15 = -2*f. What is the tens digit of 918/45*g/(-2)?
5
Let q(z) = 3*z - 4 + 1 + 5 - 3. Let s be q(2). Suppose 4*j - s*c - 81 = 0, -5*c = 43 - 18. What is the tens digit of j?
1
Suppose 3*t - f = 7*t - 209, 2*f - 262 = -5*t. What is the tens digit of t?
5
Let s be 22/10 + 52/65. Let u(h) = 5*h - 4. Let j be u(s). Suppose t + 2 - j = -5*a, -4*t + 2*a = -80. What is the tens digit of t?
1
Suppose f - 5*c = 396 - 124, -3*f + 751 = -2*c. Let a = f - 120. What is the hundreds digit of a?
1
Let c(k) = -k**2 - 7*k - 4. Let r(b) = 167 + b - 167. Let w(d) = c(d) - 3*r(d). What is the units digit of w(-8)?
2
Suppose -5*x + 451 = -189. Let f = -13 + 18. Suppose f*p = -43 + x. What is the units digit of p?
7
Let j(v) = v**3 + 7*v**2 + 7*v - 3. Let c be j(-4). Suppose -2 + c = y. What is the units digit of y?
5
Let s(z) = 414*z - 42. What is the tens digit of s(2)?
8
Let u be (-1 - 2) + 2 - -739. What is the tens digit of 10/(-15)*u/(-4)?
2
Let o(j) = 0*j + 4 - 3 - 6*j - j**2. Let q(h) = h**2 + 3*h - 16. Let d be q(-5). What is the units digit of o(d)?
1
Let g be 4 - (2 - 0) - 2. Suppose g = -5*b - 5*i + 65, -5*b + 5*i + 11 + 4 = 0. What is the units digit of 2/(-1 - (-9)/b)?
6
Let j(t) = -t**3 + 15*t**2 - 14*t - 27. What is the units digit of j(10)?
3
Suppose 25*p = -14*p + 86151. What is the tens digit of p?
0
Let p(c) be the first derivative of -3*c**2 + 10*c - 2. What is the tens digit of p(-3)?
2
Let u = 90 + 118. What is the hundreds digit of u?
2
Let x(m) = -24*m - 9. Let k be x(21). Let q = 770 + k. What is the hundreds digit of q?
2
Let b = -536 + 900. Suppose h + b = 2*h. Suppose 0 = -7*s - 0*s + h. What is the units digit of s?
2
Suppose -112*c + 36634 = -99*c. What is the hundreds digit of c?
8
Let i(l) = l**3 - l**2 - 3*l - 4. Let a be i(-5). Let n = -35 - a. What is the units digit of n?
4
Let g be (40/(-32))/(2/56). Let j = -3 - g. Let r = j - 16. What is the tens digit of r?
1
Let l be (5/(-2))/((-6)/144). Suppose -4*h + 2*h + l = 0. What is the tens digit of h?
3
Suppose -2*n - 23 = u, 0*u + 4*u - 2*n + 52 = 0. Let p = u - -114. What is the tens digit of p?
9
What is the tens digit of (((-57)/(-114))/(2/(-100)))/(-1)?
2
Suppose 4*j - 82 = -10. Suppose -4*f + j = 2*v + 2, 0 = -2*f + 3*v. Suppose f*s = 8*s - 55. What is the tens digit of s?
1
Let x be (-4)/4*78 + -4. Let v = -47 - x. What is the tens digit of v?
3
What is the hundreds digit of (-27 - -32)/(-1 - 184/(-182))?
4
Let t(o) = 5*o**2 - 32*o - 217. What is the tens digit of t(31)?
9
Let y(g) = -g**3 + 13*g**2 - 15*g + 3. Let h be y(10). Suppose -i = 8*i - h. What is the tens digit of i?
1
Let p = -1082 + 3209. What is the thousands digit of p?
2
What is the tens digit of 9/(-1) - -4 - (15 + -65)?
4
Let t(a) = 2 + 5*a**3 - 4*a + 8*a**3 + a. Let c be t(1). Suppose -c*x + 15*x = 117. What is the tens digit of x?
3
Let f(d) = 19*d**2 - 5*d - 15. What is the hundreds digit of f(-7)?
9
Suppose -2*h = -3*b - 906 - 825, -4322 = -5*h + 2*b. What is the units digit of h?
4
Suppose 2*b = 5 - 1. Let u be b*(-2)/8*-6. Suppose -2*j + 3*g = -40, u*j = -2*j + 3*g + 82. What is the tens digit of j?
1
Let c be 2 + 288/3 + 3. Suppose -i = 4, -5*z + c = 5*i - 4*i. Suppose 2*u - u - z = 0. What is the units digit of u?
1
Suppose -51*i = -35*i - 56688. What is the tens digit of i?
4
Let x = 16 - 30. Let m = x + 70. Suppose -v = -2*w + 4 - 26, 3*v - m = -4*w. What is the units digit of v?
0
Let n(m) = -m - 15. Let a be n(-16). Let x(s) = -s**2 + 0*s**2 - 3*s**2 - 10*s + a + 6*s**2. What is the units digit of x(7)?
9
Let g(c) = 5*c**3 + 5*c - 3*c**2 - 6*c**2 - 6*c**3 + 2*c**3. Let d be g(8). Let v = 51 + d. What is the tens digit of v?
2
Suppose 0 = -38*u + 37*u + 104. Let j = u + -60. What is the units digit of j?
4
Let c = 1549 - 255. What is the thousands digit of c?
1
Suppose 2*h = 8 - 0. Let n be 2 + 4 + h/(-1). Suppose -n*w + 69 = w. What is the units digit of w?
3
Let s = -1089 - -2119. What is the thousands digit of s?
1
Let x = 17 - 7. Suppose d + 4 - x = 0. What is the tens digit of d*(-3)/(-6) - -7?
1
Let n(f) = -11*f + 122. What is the hundreds digit of n(-43)?
5
Suppose 5*z - 4 = 1, z = -4*a + 65. What is the units digit of a?
6
Suppose -2*q + 3*r + 762 = -1264, 5*q - r = 5091. What is the tens digit of q?
1
Let n be (-2*25/(-10))/1. Let q = 13 - n. What is the units digit of q?
8
Let x = -274 + 1048. What is the units digit of x?
4
Let y(b) = -337*b + 206. What is the thousands digit of y(-4)?
1
Let a(d) = 5*d**2 + 2. Suppose 4*w - 2*i = 2*i + 4, -15 = -5*i. Suppose 2*k + 2*k + 4*g + 28 = 0, -w*k = 2*g + 18. What is the units digit of a(k)?
2
Suppose 4*f - 407 = -3*i + 504, -3*f = i - 312. What is the hundreds digit of i?
2
Let a = 31 + -17. Let n = -2 + a. Let m = n + -4. What is the units digit of m?
8
Let q = 6 - 3. Suppose -5*t = -i - 4*t + q, 2*t = 0. Suppose